ctor of i and 28.
14
Let i = 123 - 49. Suppose -i = 2*c - 306. Calculate the greatest common divisor of 29 and c.
29
Suppose 0 = 5*u - 5, 2*p - 4*u - 8 - 74 = 0. Calculate the highest common divisor of 1161 and p.
43
Suppose 0 = -2*t - 4*c - 8, 2*c + 3*c = -25. Suppose 2*r - 30 = -2*r - 2*x, 0 = -r - 5*x - t. What is the highest common divisor of r and 99?
9
Let g = 509 - 496. Calculate the greatest common divisor of 767 and g.
13
Let k(h) = 2*h**2 - 7*h - 9. Let s be k(7). Let t(w) = w**2 - 9*w + 8. Let y be t(13). Suppose -3*o + 0*o = -y. Calculate the highest common factor of s and o.
20
Suppose -u - 3*l = 9, 0*u - 10 = u + 2*l. Let i = u - -35. What is the greatest common factor of i and 69?
23
Suppose 2*q = 3 - 11. Let l = q + 16. Let i = 4 + l. What is the greatest common divisor of 40 and i?
8
Let z be (55/10)/(-11)*-26. Calculate the greatest common factor of 416 and z.
13
Suppose 5*d = d + 16. Let v(r) = r**3 - 35*r**2 + 30*r + 172. Let b be v(34). What is the greatest common factor of d and b?
4
Let y = 542 + -447. Calculate the greatest common factor of y and 20.
5
Suppose 9*y = 5*y - 28. Let d be 2/y + (-1122)/(-7). Calculate the highest common factor of d and 20.
20
Let x(y) = -y**2 - 7*y - 6. Let m be x(-4). Let f(h) = 6*h**2 + 8*h - 5. Let r be f(m). Calculate the greatest common factor of 37 and r.
37
Let q(z) = -z**3 - 15*z**2 - 9*z - 30. Let i be q(-15). What is the greatest common factor of 195 and i?
15
Suppose -15 = t - 2*b - 112, -4*b + 541 = 5*t. Calculate the highest common factor of 84 and t.
21
Let j = 194 - 170. Suppose -46 = -3*d - 2*m, -2*m - 70 = -3*d - 8. What is the highest common divisor of j and d?
6
Let n = 8 + -9. Let z = 3 - n. Suppose 0 - z = 2*k - 3*b, k = b. What is the highest common divisor of 16 and k?
4
Suppose 2*b - 176 = 4*v, 0 = b - 6*b + 20. Let o be 14/6 + (-28)/v. Let d(h) = 3*h - 3. Let f be d(2). Calculate the greatest common factor of f and o.
3
Let f = 3 - -2. Let w(g) = -g**2 + 17*g - 4. Let o be w(f). Calculate the greatest common divisor of 7 and o.
7
Let n(v) = -3*v - 4. Let i be n(-3). Suppose 0*r = i*r - 50. Calculate the greatest common divisor of r and 4.
2
Let m = -1318 + 2143. Calculate the greatest common divisor of 33 and m.
33
Let p(c) = c**2 - 3*c - 4. Let i be p(9). Suppose -5*y - 2*q = -108, -3*y = -2*y + 5*q - 40. What is the highest common factor of y and i?
10
Let y = -450 + 660. What is the highest common factor of 735 and y?
105
Suppose q + 2*r - r - 34 = 0, 4*q - 138 = -2*r. What is the highest common divisor of q and 40?
5
Let k = 105 + 219. What is the greatest common factor of 72 and k?
36
Let x be (4/(-3))/((-4)/(-42)). Let b = 24 + x. Let d = 138 - 28. Calculate the greatest common divisor of d and b.
10
Suppose -122*w + 24992 = -114*w. What is the highest common divisor of w and 71?
71
Let f = 73 + -43. Let q = 77 + -14. Suppose 5*u + q = 3*i + 2*u, 4*i + 4*u = 76. What is the highest common divisor of i and f?
10
Suppose 3*u + 174 = 4*j, -5*u - 2*j = -0*j + 316. Let t be u*((-30)/44 + (-6)/(-33)). Calculate the greatest common divisor of t and 31.
31
Let z(t) = -3*t - 1 + t + 21*t**3 - t**2 + 7*t**3 + 2. Let n be z(1). Calculate the highest common factor of n and 13.
13
Let x be (-1)/5 + 41/5. Let l be 213/(-284) - (657/(-12) - 2). Calculate the greatest common factor of x and l.
8
Let u(h) = -h**3 - 6*h**2 + 8*h + 17. Let d be u(-8). What is the highest common divisor of 27 and d?
27
Suppose -2*f - 405 = -3*l + 2*f, 0 = f. Calculate the highest common divisor of 15 and l.
15
Suppose -s = 2*s - 3. Suppose -3*a = -8*a + 4*p + 26, -a - 2 = p. What is the greatest common factor of s and a?
1
Let t be (7 + (-155)/10)*60/(-2). Calculate the highest common factor of 15 and t.
15
Let k be -1 - 54 - (-25 - -27). Let u = 120 - k. Calculate the greatest common factor of 59 and u.
59
Suppose 0 = z + 5*y - 35, 5*y = 18 - 3. Calculate the greatest common factor of 20 and z.
20
Suppose -3*v = -7*v + 12. Let w be (v + 0)*(-224)/(-24). Suppose -3*m + w = -m. What is the greatest common divisor of m and 21?
7
Let z(j) = 2*j**2 - 31*j - 438. Let r be z(-10). What is the greatest common factor of 384 and r?
24
Suppose 2*k - 5*v - 139 = 0, 0 = -2*k - 5*v + 2*v + 147. What is the greatest common divisor of 24 and k?
24
Suppose -6*k + 58 = 16. Let x(s) = 12*s + 15. Let n be x(k). What is the highest common divisor of n and 9?
9
Let t be (-29928)/(-56) + 20/35. What is the greatest common factor of t and 5?
5
Suppose 1836 = 2*f + 4*t, -12*f + 14*f - 2*t - 1836 = 0. Calculate the greatest common factor of 135 and f.
27
Suppose -4*k - 8 = -2*u, -10 = 3*u + 10*k - 5*k. Suppose 2*h + 2*j = -0*h + 114, -h - 2*j + 62 = u. Calculate the greatest common factor of 13 and h.
13
Let v(z) = -z + 54. Let c be v(18). Suppose -4*t = -3*p, 4*p + t = -2*t + 25. What is the greatest common divisor of p and c?
4
Let x be (-6)/(-15) + 438/5. Suppose -3*z = -53 + 11. Let w = -3 + z. What is the greatest common factor of w and x?
11
Let y(t) = -t + 11. Let p be y(5). Let w(j) = 7*j + 1. Let b be 3*2/2 - (-8)/4. Let d be w(b). Calculate the highest common factor of p and d.
6
Suppose -5 = -2*p - 3*s, -3*s + 5*s + 14 = 3*p. Let q(t) = -t**3 + 5*t**2 + t - 4. Let k be q(p). Let j = k - -4. What is the greatest common factor of 5 and j?
5
Let g be (-3353)/(-21)*3 + 1. Calculate the greatest common divisor of 15 and g.
15
Suppose 0 = 8*v - 3*v + 25. Let m be (2 + v + -2)*-1. Suppose 42 = p - 4*a, -m*p = -p + 4*a - 108. Calculate the greatest common divisor of 20 and p.
10
Suppose 0 = -2*k - c + 23, 5*k + 98*c = 95*c + 58. Let g be 1*2*(-11)/(-2). What is the highest common divisor of g and k?
11
Suppose 12*v - 15*v - 2*o = -62, 5*v - 2*o - 130 = 0. What is the greatest common divisor of 30 and v?
6
Let h be (-5 + 5 - -44) + 4/2. Let i = h - 37. Calculate the greatest common divisor of i and 81.
9
Let a(r) = 4*r + 12. Let t be a(8). Suppose -91 = 5*q + t. Let c = -16 - q. Calculate the greatest common factor of 99 and c.
11
Suppose 4 = v, v = -2*g + 20 - 4. What is the greatest common divisor of g and 22?
2
Suppose 0 = 21*h - 3*h - 17784. Let b = h + -610. Calculate the greatest common factor of 18 and b.
18
Let c be (1 - 16)/((-2)/4). Suppose -3*d + 5*d = -136. Let h = -23 - d. Calculate the highest common divisor of h and c.
15
Suppose 16*i + 528 = 28*i. Let b = -43 - -54. Calculate the greatest common divisor of i and b.
11
Let k(s) = -s**3 - 7*s**2 + 7*s - 5. Suppose -6 = b + 2. Let h be k(b). Suppose -y - h*y + 728 = 0. What is the greatest common factor of 26 and y?
26
Suppose 4084 + 4232 = 22*l. Calculate the greatest common divisor of 162 and l.
54
Let q(d) = d + 3. Let b be q(13). Let r be ((-4)/(b/(-3)))/((-1)/(-56)). Calculate the greatest common divisor of 6 and r.
6
Let t be (-653)/(-6) + (-3)/(-18). Suppose -2*g + 3*k = -t, -3*k + k = 4*g - 194. Let d be (10/(-6))/((-10)/150). What is the greatest common factor of d and g?
25
Let h be 3*(-6)/9*-1. Let r(s) = 6*s**2 - 193*s + 54. Let c be r(32). What is the highest common factor of h and c?
2
Let j be 16/6 + 2/(-3). Suppose -9 = 3*u, 0*u = -3*c + j*u + 9. Let l = 1 + 7. Calculate the greatest common factor of l and c.
1
Suppose -4*m = 4*o - 384, 0 = 3*m + 2*m - 2*o - 501. Suppose -4*p - 24 = -4*x, 5*p - 3 = 4*x - 24. What is the greatest common divisor of m and x?
9
Suppose -286 = -26*i + 1456. What is the highest common divisor of i and 67?
67
Let g(l) = -l**2 - 10*l - 4. Let f be g(-4). Let i(p) = 2*p - 18. Let s be i(10). Suppose -3*x + s + 10 = 0. What is the highest common divisor of x and f?
4
Suppose -6*v + 5*c - 5 = -3*v, 2*v - 4*c + 6 = 0. Let m = -21 + -20. Let q = m - -66. Calculate the highest common factor of v and q.
5
Suppose -19*m = 9*m - 2520. What is the highest common factor of m and 135?
45
Let u(q) = q**3 - 42*q**2 + q + 2. Let x be u(42). Calculate the highest common factor of x and 308.
44
Let f(u) = -2*u**2 + 35*u + 46. Let o be f(18). Calculate the highest common factor of o and 476.
28
Let y be 2 - (-7 - -4) - -163. What is the greatest common divisor of 42 and y?
42
Let t(o) = -10*o + 11. Let u be t(0). Calculate the highest common divisor of 33 and u.
11
Let i be 96/(-42)*21/(-6). Let y = 113 - 41. Calculate the high